8863 composite?
True
Is 710255969 composite?
True
Is 1440219113 a prime number?
False
Is 817970107 composite?
True
Is 12435445279 composite?
True
Is 2646659681 a prime number?
False
Is 17513968415 a prime number?
False
Is 89240116333 composite?
False
Is 375923 a prime number?
True
Is 16640095027 prime?
False
Is 105273858197 a prime number?
True
Is 706901677 a composite number?
False
Is 145406279 a composite number?
True
Is 5777896639 a composite number?
False
Is 207965594263 prime?
False
Is 1389467141 prime?
True
Is 18114238579 composite?
True
Is 11041332349 composite?
True
Is 27386863211 prime?
True
Is 8022200449 a prime number?
True
Is 1775985961 a composite number?
False
Is 9738617693 composite?
True
Is 21980217503 composite?
False
Is 7375396141 composite?
False
Is 149029431283 a prime number?
False
Is 21802673518 a composite number?
True
Is 4629538441 a composite number?
True
Is 110956661 composite?
False
Is 6208927253 a composite number?
False
Is 31994471 prime?
False
Is 413742139 a prime number?
True
Is 7362532501 a composite number?
False
Is 215542039019 prime?
True
Is 63339893 prime?
False
Is 1262509429 composite?
False
Is 22090150301 a composite number?
True
Is 66954098335 composite?
True
Is 15509258897 prime?
False
Is 1997500061 prime?
True
Is 20913755539 prime?
True
Is 327147599 a composite number?
True
Is 602959466 a composite number?
True
Is 440250289 prime?
True
Is 2340432307 a composite number?
True
Is 5666453 a prime number?
False
Is 668594561 prime?
True
Is 1494188729 a composite number?
True
Is 84666810229 a composite number?
True
Is 858560749 composite?
True
Is 62656658254 prime?
False
Is 289709989 a prime number?
True
Is 202403865739 a prime number?
False
Is 1546581503 a composite number?
False
Is 257196707 composite?
False
Is 94504136171 prime?
False
Is 296406421 composite?
True
Is 2104829099 composite?
True
Is 1540625857 a composite number?
True
Is 8125079503 prime?
False
Is 1865397943 a composite number?
True
Is 29175895583 prime?
True
Is 9441702071 prime?
False
Is 28333388527 a composite number?
False
Is 3688438591 prime?
True
Is 1885464257 a prime number?
False
Is 46646849 composite?
False
Is 239212427 composite?
False
Is 20380883155 prime?
False
Is 33850661113 prime?
True
Is 8950640431 composite?
True
Is 310664947 composite?
False
Is 1594929859 a composite number?
False
Is 447900337 a composite number?
False
Is 2952859093 a composite number?
True
Is 2106324359 composite?
True
Is 29676101183 composite?
False
Is 87264538871 a prime number?
False
Is 22564979197 composite?
False
Is 11339209019 prime?
True
Is 86999563603 prime?
True
Is 881859817 a composite number?
False
Is 10151710633 composite?
True
Is 262827349 a prime number?
True
Is 3788531867 a composite number?
True
Is 37716407545 a composite number?
True
Is 19990855167 a prime number?
False
Is 15035557409 a composite number?
True
Is 231748571 a prime number?
False
Is 15461820131 composite?
True
Is 1689810611 composite?
False
Is 618935599 a composite number?
False
Is 259364873 a composite number?
True
Is 629318951 a prime number?
True
Is 217384007 a prime number?
False
Is 45940704379 composite?
True
Is 12672732601 a prime number?
True
Is 5703772505 a composite number?
True
Is 73263155711 prime?
True
Is 376957067 prime?
True
Is 1016418811 a composite number?
True
Is 20800139203 composite?
True
Is 572126351 a composite number?
False
Is 3998406539 a composite number?
True
Is 85616845297 a composite number?
False
Is 11722574483 prime?
True
Is 193978133 a prime number?
False
Is 10679377003 a prime number?
True
Is 232495529 a composite number?
True
Is 951824999 composite?
False
Is 5145573319 composite?
False
Is 41967829 a prime number?
True
Is 4726585829 composite?
True
Is 2726239433 a prime number?
False
Is 1285671131 a prime number?
True
Is 20007211 prime?
False
Is 8539699747 composite?
False
Is 4824728873 prime?
False
Is 1214443151 composite?
False
Is 14798244767 a prime number?
False
Is 3062129401 prime?
False
Is 35171050858 a prime number?
False
Is 409833811 a composite number?
False
Is 1759788879 a composite number?
True
Is 236940377 prime?
True
Is 635238067 a composite number?
True
Is 2367916765 composite?
True
Is 637914521 a prime number?
False
Is 7306403681 prime?
True
Is 312425039 a composite number?
False
Is 339029957 a composite number?
True
Is 4583921431 a prime number?
True
Is 101222945 a composite number?
True
Is 1004377459 composite?
True
Is 67706847823 a prime number?
False
Is 202004639 prime?
True
Is 28080363697 prime?
True
Is 43696700413 a composite number?
False
Is 10535469359 a composite number?
False
Is 11901018847 a composite number?
True
Is 610960837 composite?
False
Is 40390001861 prime?
False
Is 839319991 prime?
True
Is 1704497897 composite?
True
Is 907926007 a composite number?
True
Is 94132745123 a prime number?
True
Is 878593853 a prime number?
True
Is 1207679569 a prime number?
True
Is 38816161 a composite number?
False
Is 4647986449 prime?
False
Is 160612898977 prime?
True
Is 7733513649 a composite number?
True
Is 317108627 a prime number?
False
Is 68842698751 composite?
False
Is 56789070307 a composite number?
False
Is 2482429673 a composite number?
True
Is 36273430327 composite?
True
Is 110264694721 a composite number?
True
Is 196498481489 a composite number?
False
Is 20116289543 a composite number?
True
Is 1023058034 a composite number?
True
Is 141722783 composite?
False
Is 6323070463 prime?
False
Is 167015755597 a prime number?
False
Is 49049977439 composite?
True
Is 5489407063 a composite number?
True
Is 5892257773 a prime number?
False
Is 2362853693 composite?
False
Is 43941493 prime?
True
Is 1779140047 composite?
False
Is 692186563 composite?
False
Is 12575588281 prime?
True
Is 71263333 composite?
False
Is 965987801 composite?
True
Is 70922698927 composite?
False
Is 1465672099 composite?
True
Is 282427469 a composite number?
False
Is 33977273943 a composite number?
True
Is 678092017 composite?
True
Is 172641516539 a prime number?
False
Is 12162741859 a composite number?
True
Is 33480279647 a composite number?
True
Is 2695615147 a prime number?
True
Is 9621891233 a composite number?
True
Is 3611311309 prime?
False
Is 23155762957 prime?
True
Is 25733919373 prime?
True
Is 4241096221 composite?
False
Is 570842113 composite?
False
Is 4643858893 a composite number?
False
Is 134001428521 prime?
False
Is 308344981759 prime?
True
Is 10397158687 a prime number?
True
Is 21162092767 composite?
True
Is 10045652453 a composite number?
False
Is 114545068163 composite?
True
Is 39433740869 composite?
False
Is 56474466673 composite?
False
Is 4660298833 a prime number?
False
Is 165628973 a prime number?
True
Is 2009053006 prime?
False
Is 43392521 prime?
False
Is 42376410971 a prime number?
False
Is 2241496981 prime?
True
Is 660548207 composite?
True
Is 1259833591 prime?
False
Is 23155429195 a prime number?
False
Is 677655067 a prime number?
True
Is 11512873421 a prime number?
False
Is 2893289053 composite?
False
Is 45698314951 prime?
False
Is 2252824523 composite?
True
Is 6586591819 a composite number?
False
Is 52071975959 a prime number?
True
Is 22930403483 composite?
True
Is 680402631563 composite?
False
Is 535771021 a prime number?
False
Is 154953291271 prime?
True
Is 2658951179 a composite number?
True
Is 6978422767 a prime number?
True
Is 10841663449 prime?
False
Is 8270914969 prime?
False
Is 11868302377 a prime number?
False
Is 29856664609 prime?
True
Is 9424651619 composite?
False
Is 8513437441 prime?
False
Is 67545073 a composite number?
False
Is 48085064003 a prime number?
True
Is 882758119 prime?
False
Is 1276326313 a composite number?
True
Is 8435187623 a composite number?
False
Is 15691775287 prime?
False
Is 136842317 a prime number?
False
Is 352298321 composite?
True
Is 10907614309 a prime number?
False
Is 18872609081 prime?
True
Is 1548068647 a prime number?
True
Is 98598956317 composite?
True
Is 260153579167 a composite number?
False
Is 18218039039 composite?
True
Is 5209478557 composite?
True
Is 24310040113 a composite number?
False
Is 35322643 a prime number?
True
Is 1664181329 a composite number?
True
Is 20087069 composite?
True
Is 462853253 a prime number?
False
Is 888884089 a prime number?
False
Is 11160492547 a prime number?
Tr